**2 - 10*p - 6. Let m(b) = 6*d(b) + 5*y(b). Let t = 47 - 51. What is m(t)?
2
Let d(j) be the first derivative of -j**2/2 - 1. Let x be (-21)/(-14)*-2 + 6. Suppose 2*t = 2*h + 10, 0 = x*t - 5*h - 18 + 3. What is d(t)?
-5
Let v(j) = j - 2. Suppose -5*u + 51 = 4*n, -3*u + u + 22 = 2*n. Suppose 3*y - u = 2*a, -3*a + 14 = 2*y - 2*a. Determine v(y).
3
Let j(a) be the second derivative of 0 + 1/2*a**3 - 1/20*a**5 - 3/2*a**2 - 1/3*a**4 + 21*a. Let i be j(-5). Let o(c) = -c**3 + 6*c**2 + 10*c - 7. Give o(i).
14
Let v(f) = f**3 - 15. Let m(g) = g**3 + 3*g**2. Let d be 1*(-6)/1 - (-22 + 19). Let i be m(d). Calculate v(i).
-15
Let a(h) be the first derivative of 5*h**3/3 - 13*h**2 + 2*h + 1570. Calculate a(6).
26
Let p(d) = -644 - 602 - 3*d + 1255. Let r = -36 + 42. Give p(r).
-9
Let g(n) = -n**2 + 21*n - 71. Let j be g(16). Suppose -47*c = -38*c - j. Let b(i) be the second derivative of -i**4/4 + i**2/2 - i. Give b(c).
-2
Let z(h) = h**3 + h - 4. Let b = 319 - 219. Let y = -100 + b. Calculate z(y).
-4
Let l(m) be the third derivative of -m**8/6720 - m**7/840 - m**5/120 + m**4/24 + 17*m**3/6 + 35*m**2. Let y(g) be the second derivative of l(g). What is y(-2)?
-5
Let b(c) be the second derivative of 17*c**4/12 + c**3/6 - c**2 + 5464*c. Give b(2).
68
Let t = 604 - 599. Let v(n) = -n**3 - 6*n**2 + n - 7*n - n + 0*n - t. What is v(-5)?
5
Let s(a) = a**3 - 6*a**2 - 6*a - 17. Let b be s(8). Let x(u) = 56*u**2 + b*u**2 - 124*u**2 - 7 - u**3. Give x(-5).
-7
Let j(z) = -7*z - 19. Let l be j(-9). Let h = l + -37. Let b(x) = -x + h*x - 15*x - 2 + 2*x. Determine b(3).
-23
Let p(l) be the third derivative of l**6/120 - 2*l**5/15 + 13*l**4/24 - l**3/2 + 3459*l**2 + 3. Calculate p(4).
-15
Let h(x) = x**2 + 3*x - 1. Let g(y) = -y**3 + 2*y**2 + 22*y - 13. Let l(d) = -g(d) + 6*h(d). Calculate l(-7).
-112
Let l(i) = -i**2 + 8*i + 7. Let w be l(8). Let o(c) = c**3 - 6*c**2 - 2*c - 929. Let z(p) = -p + 187. Let g(t) = o(t) + 5*z(t). Give g(w).
6
Let t be (494/(-52) + 8)*(7 + 1). Let i(h) = -3*h - 10. What is i(t)?
26
Let l be (-4)/(-14) - (4 - (-160)/(-28)). Let c(i) = 4 - 228*i**3 + 227*i**3 - 4*i - 3 - 4*i**l. Suppose 5*r + 12 = -3. Determine c(r).
4
Suppose -j - 10 = 2*w, -7*j = 4*w - 3*j + 16. Let b(q) = -15*q - 86. Give b(w).
4
Suppose 3*o + 0*o = 9. Let n(u) = -16*u - 14*u + 70*u - 23*u - u**2 - 16*u + 4. What is n(o)?
-2
Let c(y) = 33 + 29 - 119 - 15*y + 28 + 24. What is c(-1)?
10
Let s(d) = 288*d - 579. Let i be s(2). Let f(v) = v**3 - v**2 - v + 4. Give f(i).
-29
Suppose 0 = 2*t - 8, -g + t + 57 = 12. Suppose 12*a - 19*a = -g. Let n(c) = -c**2 + 6*c + 5. Calculate n(a).
-2
Let h be 30/(-9)*((-1863)/(-1215) + 1/(-3)). Let p(z) = z**2 - 2*z - 14. Give p(h).
10
Let b(i) = -i**3 + 275*i**2 - 554*i + 2. Let q be b(2). Let k(w) be the third derivative of -w**4/24 + w**2. Calculate k(q).
14
Suppose 2*h = -2*h, 70*u - 71*u + 5*h + 4 = 0. Let m(j) = 6*j. Give m(u).
24
Let c(t) = 2*t**2 - 39*t + 14. Let i(d) = -d**2 - 150*d + 21. Let v be i(0). Calculate c(v).
77
Let a = -219 - -222. Suppose 4*j + 3*m = -j + 25, 42 = 4*j - 2*m. Let x(d) = 15 - j - 6 - d**2. What is x(a)?
-8
Suppose -5*q = 5*j, -j = -5 + 8. Let k(p) = 1 - 4*p + 5*p + 1 + q. Calculate k(6).
11
Let z(i) = -5*i**3 - 5*i**2 - 3*i. Let j be z(-1). Let g(d) = 5*d + 1. Let c(n) = 3*n. Let q(u) = 7*c(u) - 3*g(u). Give q(j).
15
Let r(h) = -h**3 + 2*h**2 + 5*h + 8. Suppose -p - 2*u - 4 = -9, 5*p + 6*u = 25. Calculate r(p).
-42
Let y(o) = o**3 - 4*o**2 - 2*o + 5. Suppose -20 = -p - 15. Suppose -5*h - 2*n = n - 14, 5*n - 10 = -p*h. Calculate y(h).
-3
Let d(v) = 9*v**2 + 4*v - 126. Let f(l) = -68*l**2 - 30*l + 954. Let m(k) = 38*d(k) + 5*f(k). What is m(8)?
126
Let u(k) = -k**2 + 7. Let t = -127 - -217. Let o be (10 - 0)/2*72/t. Suppose -o*r = -5*r. Calculate u(r).
7
Let m(h) be the second derivative of h**3/6 + h**2/2 - 3*h. Suppose -11*x - 3*x = -742. Let o = x - 61. Calculate m(o).
-7
Let n be (-5)/((-150)/390) + 1*-2*2. Let m(p) = p**3 - 10*p**2 + 13*p - 2. Calculate m(n).
34
Let n be (-33)/(-4) + 11/(-44). Suppose n = -t + 39. Suppose w - 3*d = 3, 0 = -w - 4*w - d + t. Let p(s) = -s**2 + 5*s + 8. Give p(w).
2
Let w be ((-318)/(-53) + -1 + (-17)/4)*-8. Let j(q) = 3*q - 7. What is j(w)?
-25
Let k(j) = -446*j + 12 + 1355*j - 446*j - 457*j. What is k(-2)?
0
Suppose 16 = 8*o + 8. Let r(p) = -18*p**3 - 2*p - 51. Let c(w) = -6*w**3 - w - 19. Let i(t) = 8*c(t) - 3*r(t). Give i(o).
5
Let g(b) = 1837*b - 5544. Let i be g(3). Let h(k) = -4*k - 111. Calculate h(i).
21
Let m be (7 - (2 - -1))*(-13)/26*4. Let w(o) = o**3 - 4 + 4*o**2 + 4*o**2 + 0*o**3. Determine w(m).
-4
Let l(w) = 2*w + 42. Let v be 206/(-12) + (-495)/(-2970). What is l(v)?
8
Suppose 0 = 60*z - 54*z + 6. Let m(s) = -3*s - 14. Let r(k) = -2*k + 1. Let w(b) = z*r(b) + m(b). Calculate w(-18).
3
Let w(n) = 10*n**3 - 31*n**2 + 7*n - 6. Let g = 1 + 4. Let q(x) = -208*x**3 + 103*x**3 + 4 + 21*x**2 - 5*x + 98*x**3. Let u(s) = g*w(s) + 7*q(s). Give u(8).
-2
Let c = -71 - -80. Let l(g) = 3*g + 18 + 4*g - c*g + 3*g. Calculate l(-11).
7
Let s(x) = -x**3 - 5*x**2 + 8*x. Let z(r) = -r**3 - 5*r**2 + 9*r. Let p(j) = -3*s(j) + 2*z(j). Let w(t) = -464*t + 1850. Let h be w(4). Determine p(h).
0
Let c(v) = -30*v + 71. Suppose -168 = -30*n - 70 - 8. Give c(n).
-19
Let g(c) = -14 - 20 - 18*c + c**2 - 24 + 69. What is g(18)?
11
Let j(i) = 35*i + 40*i + 43*i + 45*i - 10 - 164*i. Let t(u) = u**3 + 6*u**2 + 2*u + 4. Let g be t(-5). Let q = g - 31. What is j(q)?
2
Let x(t) = -37*t + 6*t + 245 - 124 - 125. Let w(s) = -17*s - 2. Let f(o) = 11*w(o) - 6*x(o). Let h(q) = q**2 + 6*q + 7. Let u be h(-6). Give f(u).
-5
Let u(l) be the first derivative of -l**4/4 - l**3/6 + 5*l**2/2 + l - 32. Let b(p) be the second derivative of u(p). Determine b(-2).
11
Let h = 0 + -4. Let k(b) be the first derivative of -b**4/4 - 4*b**3/3 - 4*b + 6744. Give k(h).
-4
Let h(d) = d + 8. Let v(b) = b + 72. Let c(x) = 18. Let k be 1 + 2 + (-10)/10. Let t(s) = k*v(s) - 9*c(s). Let u be t(5). Give h(u).
0
Let m(h) be the first derivative of -4*h**3/3 + h**2 + 27867. Let p(r) = -r + 2. Suppose 0 = -3*a - a. Let k be p(a). Calculate m(k).
-12
Let a(n) be the first derivative of 27 + 1/2*n**2 - 15*n. Determine a(14).
-1
Let v(i) = i**3 + 4*i**2 + 3*i - 1. Suppose -x - 21 = -2*x. Let j(s) = -6*s + 394. Let q be j(65). Suppose -x = q*k - 9. What is v(k)?
-1
Let f(k) = k**2 + 2*k. Let l be f(-3). Let a(g) be the second derivative of -1/3*g**3 - 3 - g**2 + 1/20*g**5 - 29*g - 1/6*g**4. What is a(l)?
1
Suppose -12*v - 844 + 832 = 0. Let w(p) = 8*p**3 - 1. Determine w(v).
-9
Suppose 0 = -k - y - 4, -2*k + 2*y = -2*y + 14. Let l(f) be the first derivative of 7*f**2/2 + 11*f - 1663. What is l(k)?
-24
Suppose -693*g = -698*g + 5, -2*c + 35 = 5*g. Let h(k) = k**2 - 12*k - 14. Calculate h(c).
31
Let o(f) = -f - 2. Let y(j) = -3. Let l(r) = -4*r + 167. Let c be l(41). Let v(q) = c*o(q) - 2*y(q). What is v(1)?
-3
Let n be (-111)/(-12) + (-2)/8. Let t(q) = -q**2 + 6*q - 6. Calculate t(n).
-33
Let s(r) = 2*r - 13. Let h be s(7). Suppose 2*z - 7 = w, w - 12 = -2*z + h. Suppose 5*g = 8*g - i + 15, i + w = 0. Let m(b) = b + 4. Give m(g).
-2
Let m(u) be the first derivative of u**3/6 + 3*u**2 + 25*u - 14. Let a(n) be the first derivative of m(n). Determine a(-3).
3
Let h be (64/48)/(5/((-120)/16)). Let r(k) = -9*k**3 - 7*k**2 + 2. Calculate r(h).
46
Let r = 55 - 61. Let s = -49 + 36. Let a(w) = -15*w**2 + 13*w + 8. Let k(y) = 7*y**2 - 6*y - 4. Let d(c) = r*a(c) + s*k(c). Give d(3).
-5
Let l(t) = -2*t**3 - 3*t**2 + 3. Let q be l(-3). Suppose -12 = -4*r - 5*w, -w - 11 = r - 14. Suppose r*c + q = -2*c. Let x(g) = -g**2 - 5*g + 6. Determine x(c).
0
Let l(p) be the second derivative of p**3/3 - p**2/2 - p. Let q = 89243 + -89238. Calculate l(q).
9
Suppose 404 = 9*o - 2656. Let d = o - 339. Let t(n) = 17*n**3 - n**2 + 1. Calculate t(d).
17
Let u be -100*-6*(-4)/(-40). Suppose -22*j + u = -160. Let s(n) = n**3 - 11*n**2 + 11*n - 11. Determine s(j).
-1
Let i(c) = -c**3 + 7*c**2 + 2*c - 8. Let m(b) = b**2 + 5*b - 14. Let o be m(-10). Suppose 2*g - 48 = -o. What is i(g)?
40
Let s(d) = -d**2 + 35*d + 118. Suppose -5*t - 4*y = 31, 2*t - 3*y - 31 + 25 = 0. What is s(t)?
4
Let y(h) = -5*h + 34 - 27 - 9 + 8*h**3. Determine y(-2).
-56
Let u(s) = -1. Let r